{"id":147,"date":"2019-02-20T19:38:01","date_gmt":"2019-02-20T19:38:01","guid":{"rendered":"http:\/\/ingenieurbuero-kurock.de\/?page_id=147"},"modified":"2020-02-20T20:36:50","modified_gmt":"2020-02-20T20:36:50","slug":"baubetrieb","status":"publish","type":"page","link":"https:\/\/ingenieurbuero-kurock.de\/?page_id=147","title":{"rendered":"Baubetrieb"},"content":{"rendered":"\n<p> <strong>Bauen ist Vertrauenssache. Vertrauen Sie auf unsere Erfahrungen! <\/strong><\/p>\n\n\n\n<ul class=\"wp-block-list\"><li>Kalkulation, Angebotsbearbeitung<\/li><li>Baubetrieb, Bauablaufplanung<\/li><li>Projektsteuerung<\/li><li>Controlling<\/li><li>Claimmanagement,Chancen- \/ Risikomanagement<\/li><\/ul>\n\n\n\n<p>Wir\n unterst\u00fctzen Sie in der Kalkulation mit langj\u00e4hriger Erfahrung und \ngro\u00dfem technischen Know How. Die Ausarbeitung eines Angebotes unter \nBer\u00fccksichtigung realistischer Leistungsans\u00e4tze, optimalem Einkauf sowie\n Feststellung des m\u00f6glichen Nachtragspotentials bilden unsere Grundlage \nf\u00fcr ihr Angebot und schaffen die Voraussetzung f\u00fcr Ihren \nwirtschaftlichen Erfolg.\n<\/p>\n\n\n\n<p>Die Entwicklung eines optimierten Bauablaufs unter \nBer\u00fccksichtigung der eingestellten Kalkulationsans\u00e4tze, das stete \nVerfolgen der geplanten Bauabl\u00e4ufe sowie das st\u00e4ndige Aktualisieren des \nAblaufplanes nach Baufortschritt nehmen wir Ihnen ab und schaffen \ndamit&nbsp;eine geregelte und optimierte Baustelle. Der Einsatz der richtigen\n Ger\u00e4te und \u00dcberpr\u00fcfung der richtigen Mannschaftsst\u00e4rke geh\u00f6ren zum \nt\u00e4glichen Controlling.\n<\/p>\n\n\n\n<p>Aufbauend auf den Bauablaufplan entwickeln wir f\u00fcr \nSie ein erfolgreiches Claimmanagement, bzw. die fr\u00fchzeitige \nNachtragsabwehr. Jeder Einfluss auf den Bauablauf hat einen Grund. Wir \nerkennen diese Sachverhalte und erarbeiten die Claims. Der erforderliche\n Schriftverkehr wird von uns gef\u00fchrt und bringt Ihnen Rechtssicherheit.\n<\/p>\n\n\n\n<p>Gest\u00f6rte Bauabl\u00e4ufe durch Behinderungen und ein \nzeitnahes Nachtragsmanagement au\u00dfervertraglicher Leistungen sind heute \nein unverzichtbares Erfolgsmanagement.<\/p>\n\n\n\n<div class=\"wp-block-columns has-2-columns is-layout-flex wp-container-core-columns-is-layout-9d6595d7 wp-block-columns-is-layout-flex\">\n<div class=\"wp-block-column is-layout-flow wp-block-column-is-layout-flow\">\n<p><\/p>\n<\/div>\n\n\n\n<div class=\"wp-block-column is-layout-flow wp-block-column-is-layout-flow\"><!-- imagelinks begin -->\n<div id=\"imgl-1-9anvx\" class=\"imgl-map imgl-map-1 \"data-json-src=\"http:\/\/ingenieurbuero-kurock.de\/wp-content\/uploads\/imagelinks\/1\/config.json?ver=1551219611\" data-item-id=\"1\" style=\"display:none;\" >\n<div class=\"imgl-store\">\n<div class=\"imgl-pin imgl-pin-1\" data-id=\"1\">\n<div class=\"imgl-pin-data\">\n<\/div>\n<\/div>\n<div class=\"imgl-pin imgl-pin-2\" data-id=\"2\">\n<div class=\"imgl-pin-data\">\n<\/div>\n<\/div>\n<div class=\"imgl-pin imgl-pin-3\" data-id=\"3\">\n<div class=\"imgl-pin-data\">\n<\/div>\n<\/div>\n<div class=\"imgl-pin imgl-pin-4\" data-id=\"4\">\n<div class=\"imgl-pin-data\">\n<\/div>\n<\/div>\n<div class=\"imgl-tt imgl-tt-1\" data-id=\"1\" >\n<\/div>\n<div class=\"imgl-tt imgl-tt-2\" data-id=\"2\" >\n<\/div>\n<div class=\"imgl-tt imgl-tt-3\" data-id=\"3\" >\n<\/div>\n<div class=\"imgl-tt imgl-tt-4\" data-id=\"4\" >\n<\/div>\n<\/div>\n<\/div>\n<!-- imagelinks end -->\n\n\n\n\n<p><\/p>\n<\/div>\n<\/div>\n\n\n<a href=\"http:\/\/ingenieurbuero-kurock.de\/?page_id=130\" id=\"thinkupshortcodesbutton1\" class=\"button style1 grey small standard\"> Zur\u00fcck <i class=\"fa fa-angle-double-left\"><\/i><\/a>\n","protected":false},"excerpt":{"rendered":"<p>Bauen ist Vertrauenssache. Vertrauen Sie auf unsere Erfahrungen! Kalkulation, Angebotsbearbeitung Baubetrieb, Bauablaufplanung Projektsteuerung Controlling Claimmanagement,Chancen- \/ Risikomanagement Wir unterst\u00fctzen Sie in der Kalkulation mit langj\u00e4hriger Erfahrung und gro\u00dfem technischen Know How. Die Ausarbeitung eines Angebotes unter Ber\u00fccksichtigung realistischer Leistungsans\u00e4tze, optimalem Einkauf sowie Feststellung des m\u00f6glichen Nachtragspotentials bilden unsere Grundlage f\u00fcr ihr Angebot und schaffen die<\/p>\n<p class=\"more-link\"><a href=\"https:\/\/ingenieurbuero-kurock.de\/?page_id=147\" class=\"themebutton\">Read More<\/a><\/p>\n","protected":false},"author":2,"featured_media":0,"parent":130,"menu_order":0,"comment_status":"closed","ping_status":"closed","template":"","meta":{"_vp_format_video_url":"","_vp_image_focal_point":[],"footnotes":""},"categories":[],"tags":[],"class_list":["post-147","page","type-page","status-publish","hentry"],"_links":{"self":[{"href":"https:\/\/ingenieurbuero-kurock.de\/index.php?rest_route=\/wp\/v2\/pages\/147","targetHints":{"allow":["GET"]}}],"collection":[{"href":"https:\/\/ingenieurbuero-kurock.de\/index.php?rest_route=\/wp\/v2\/pages"}],"about":[{"href":"https:\/\/ingenieurbuero-kurock.de\/index.php?rest_route=\/wp\/v2\/types\/page"}],"author":[{"embeddable":true,"href":"https:\/\/ingenieurbuero-kurock.de\/index.php?rest_route=\/wp\/v2\/users\/2"}],"replies":[{"embeddable":true,"href":"https:\/\/ingenieurbuero-kurock.de\/index.php?rest_route=%2Fwp%2Fv2%2Fcomments&post=147"}],"version-history":[{"count":5,"href":"https:\/\/ingenieurbuero-kurock.de\/index.php?rest_route=\/wp\/v2\/pages\/147\/revisions"}],"predecessor-version":[{"id":422,"href":"https:\/\/ingenieurbuero-kurock.de\/index.php?rest_route=\/wp\/v2\/pages\/147\/revisions\/422"}],"up":[{"embeddable":true,"href":"https:\/\/ingenieurbuero-kurock.de\/index.php?rest_route=\/wp\/v2\/pages\/130"}],"wp:attachment":[{"href":"https:\/\/ingenieurbuero-kurock.de\/index.php?rest_route=%2Fwp%2Fv2%2Fmedia&parent=147"}],"wp:term":[{"taxonomy":"category","embeddable":true,"href":"https:\/\/ingenieurbuero-kurock.de\/index.php?rest_route=%2Fwp%2Fv2%2Fcategories&post=147"},{"taxonomy":"post_tag","embeddable":true,"href":"https:\/\/ingenieurbuero-kurock.de\/index.php?rest_route=%2Fwp%2Fv2%2Ftags&post=147"}],"curies":[{"name":"wp","href":"https:\/\/api.w.org\/{rel}","templated":true}]}}