{"id":130,"date":"2019-02-20T19:09:55","date_gmt":"2019-02-20T19:09:55","guid":{"rendered":"http:\/\/ingenieurbuero-kurock.de\/?page_id=130"},"modified":"2019-02-26T22:11:36","modified_gmt":"2019-02-26T22:11:36","slug":"leistungen","status":"publish","type":"page","link":"http:\/\/ingenieurbuero-kurock.de\/?page_id=130","title":{"rendered":"Leistungen"},"content":{"rendered":"\n<div class=\"wp-block-columns has-2-columns is-layout-flex wp-container-core-columns-is-layout-9d6595d7 wp-block-columns-is-layout-flex\">\n<div class=\"wp-block-column is-layout-flow wp-block-column-is-layout-flow\">\n<h1 class=\"wp-block-heading\">Aus einer Hand&#8230;<\/h1>\n\n\n\n<p><strong>Bauen ist Spezialistensache. <\/strong>\n<\/p>\n\n\n\n<p>Wir bauen seit nunmehr 30 Jahren! <\/p>\n\n\n\n<ul class=\"wp-block-list\"><li>Erschlie\u00dfung von Bau- und Gewerbegebieten,<\/li><li>Bau von schl\u00fcsselfertigen Pumpwerken, einschlie\u00dflich Maschinentechnik<\/li><li>Druckleitungsbau<\/li><li>Innerst\u00e4dtischer Kanalbau<\/li><li>Kanalsanierung<\/li><li>Stra\u00dfenbau\u2013 Gemeinde-, Land- und Bundesstra\u00dfen, Autobahnbau, <\/li><li>Bahnbau<\/li><li>Flughafenbau<\/li><li>Stra\u00dfensanierung<\/li><\/ul>\n<\/div>\n\n\n\n<div class=\"wp-block-column is-layout-flow wp-block-column-is-layout-flow\"><!-- imagelinks begin -->\n<div id=\"imgl-1-gvv4i\" class=\"imgl-map imgl-map-1 \"data-json-src=\"http:\/\/ingenieurbuero-kurock.de\/wp-content\/uploads\/imagelinks\/1\/config.json?ver=1551219611\" data-item-id=\"1\" style=\"display:none;\" >\n<div class=\"imgl-store\">\n<div class=\"imgl-pin imgl-pin-1\" data-id=\"1\">\n<div class=\"imgl-pin-data\">\n<\/div>\n<\/div>\n<div class=\"imgl-pin imgl-pin-2\" data-id=\"2\">\n<div class=\"imgl-pin-data\">\n<\/div>\n<\/div>\n<div class=\"imgl-pin imgl-pin-3\" data-id=\"3\">\n<div class=\"imgl-pin-data\">\n<\/div>\n<\/div>\n<div class=\"imgl-pin imgl-pin-4\" data-id=\"4\">\n<div class=\"imgl-pin-data\">\n<\/div>\n<\/div>\n<div class=\"imgl-tt imgl-tt-1\" data-id=\"1\" >\n<\/div>\n<div class=\"imgl-tt imgl-tt-2\" data-id=\"2\" >\n<\/div>\n<div class=\"imgl-tt imgl-tt-3\" data-id=\"3\" >\n<\/div>\n<div class=\"imgl-tt imgl-tt-4\" data-id=\"4\" >\n<\/div>\n<\/div>\n<\/div>\n<!-- imagelinks end -->\n\n\n\n\n<p style=\"text-align:center\">[Kategorie klicken f\u00fcr mehr Info]<\/p>\n<\/div>\n<\/div>\n\n\n\n<p style=\"text-align:center\">\nProfitieren Sie von unseren Erfahrungen, denn \u201e<strong>Unsere Erfahrung f\u00fcr Ihren Erfolg<\/strong>\u201c ist unser Anspruch.\n\n\n<\/p>\n","protected":false},"excerpt":{"rendered":"<p>Aus einer Hand&#8230; Bauen ist Spezialistensache. Wir bauen seit nunmehr 30 Jahren! Erschlie\u00dfung von Bau- und Gewerbegebieten, Bau von schl\u00fcsselfertigen Pumpwerken, einschlie\u00dflich Maschinentechnik Druckleitungsbau Innerst\u00e4dtischer Kanalbau Kanalsanierung Stra\u00dfenbau\u2013 Gemeinde-, Land- und Bundesstra\u00dfen, Autobahnbau, Bahnbau Flughafenbau Stra\u00dfensanierung [Kategorie klicken f\u00fcr mehr Info] Profitieren Sie von unseren Erfahrungen, denn \u201eUnsere Erfahrung f\u00fcr Ihren Erfolg\u201c ist unser Anspruch.<\/p>\n","protected":false},"author":2,"featured_media":0,"parent":0,"menu_order":0,"comment_status":"closed","ping_status":"closed","template":"","meta":{"_vp_format_video_url":"","_vp_image_focal_point":[],"footnotes":""},"categories":[],"tags":[],"class_list":["post-130","page","type-page","status-publish","hentry"],"_links":{"self":[{"href":"http:\/\/ingenieurbuero-kurock.de\/index.php?rest_route=\/wp\/v2\/pages\/130","targetHints":{"allow":["GET"]}}],"collection":[{"href":"http:\/\/ingenieurbuero-kurock.de\/index.php?rest_route=\/wp\/v2\/pages"}],"about":[{"href":"http:\/\/ingenieurbuero-kurock.de\/index.php?rest_route=\/wp\/v2\/types\/page"}],"author":[{"embeddable":true,"href":"http:\/\/ingenieurbuero-kurock.de\/index.php?rest_route=\/wp\/v2\/users\/2"}],"replies":[{"embeddable":true,"href":"http:\/\/ingenieurbuero-kurock.de\/index.php?rest_route=%2Fwp%2Fv2%2Fcomments&post=130"}],"version-history":[{"count":9,"href":"http:\/\/ingenieurbuero-kurock.de\/index.php?rest_route=\/wp\/v2\/pages\/130\/revisions"}],"predecessor-version":[{"id":238,"href":"http:\/\/ingenieurbuero-kurock.de\/index.php?rest_route=\/wp\/v2\/pages\/130\/revisions\/238"}],"wp:attachment":[{"href":"http:\/\/ingenieurbuero-kurock.de\/index.php?rest_route=%2Fwp%2Fv2%2Fmedia&parent=130"}],"wp:term":[{"taxonomy":"category","embeddable":true,"href":"http:\/\/ingenieurbuero-kurock.de\/index.php?rest_route=%2Fwp%2Fv2%2Fcategories&post=130"},{"taxonomy":"post_tag","embeddable":true,"href":"http:\/\/ingenieurbuero-kurock.de\/index.php?rest_route=%2Fwp%2Fv2%2Ftags&post=130"}],"curies":[{"name":"wp","href":"https:\/\/api.w.org\/{rel}","templated":true}]}}